ate the highest common factor of 96 and 96.
96
What is the highest common factor of 33000 and 264?
264
Calculate the greatest common factor of 152 and 16.
8
Calculate the highest common divisor of 14 and 8834.
14
Calculate the greatest common divisor of 84 and 7644.
84
Calculate the greatest common factor of 4536 and 56.
56
Calculate the highest common divisor of 252 and 56.
28
Calculate the greatest common factor of 21 and 112.
7
What is the highest common divisor of 583 and 106?
53
What is the highest common divisor of 855 and 120?
15
Calculate the greatest common divisor of 51330 and 174.
174
Calculate the greatest common divisor of 1715 and 70.
35
Calculate the greatest common factor of 234 and 906.
6
Calculate the greatest common divisor of 186 and 12.
6
Calculate the highest common divisor of 5 and 565.
5
What is the highest common factor of 62 and 2511?
31
What is the greatest common divisor of 369 and 171?
9
Calculate the greatest common factor of 36 and 3042.
18
What is the greatest common factor of 15743 and 7?
7
What is the greatest common factor of 92 and 144?
4
Calculate the highest common divisor of 1064 and 646.
38
What is the highest common divisor of 53 and 4717?
53
What is the greatest common factor of 35 and 5740?
35
What is the greatest common factor of 777 and 21?
21
Calculate the highest common divisor of 17 and 1139.
17
What is the greatest common divisor of 45 and 20?
5
Calculate the greatest common divisor of 4599 and 189.
63
What is the greatest common factor of 11 and 3630?
11
Calculate the highest common divisor of 799 and 272.
17
What is the highest common factor of 559 and 1032?
43
What is the greatest common divisor of 8090 and 10?
10
What is the highest common divisor of 756 and 2583?
63
What is the highest common divisor of 28 and 994?
14
What is the highest common factor of 18 and 9?
9
What is the greatest common factor of 19 and 1406?
19
What is the highest common factor of 121 and 1034?
11
Calculate the highest common factor of 270 and 170.
10
What is the greatest common factor of 415 and 1743?
83
Calculate the highest common factor of 8 and 8936.
8
What is the greatest common divisor of 805 and 5474?
161
Calculate the highest common factor of 346 and 6747.
173
What is the greatest common factor of 97299 and 171?
171
Calculate the highest common divisor of 4 and 124.
4
Calculate the greatest common factor of 6 and 7290.
6
Calculate the greatest common divisor of 76 and 2698.
38
Calculate the highest common divisor of 74 and 1147.
37
What is the greatest common factor of 126 and 9054?
18
What is the greatest common factor of 1241 and 51?
17
Calculate the greatest common factor of 494 and 1786.
38
What is the greatest common factor of 64 and 6208?
64
Calculate the highest common divisor of 825 and 33.
33
Calculate the greatest common factor of 204 and 192.
12
Calculate the greatest common divisor of 20 and 8.
4
What is the highest common divisor of 1267 and 362?
181
What is the greatest common factor of 221 and 13?
13
Calculate the highest common factor of 956 and 11711.
239
Calculate the greatest common factor of 40 and 9160.
40
What is the highest common factor of 803 and 73?
73
What is the highest common divisor of 2187 and 27?
27
Calculate the greatest common factor of 146 and 3431.
73
Calculate the greatest common factor of 150 and 510.
30
Calculate the greatest common factor of 540 and 19710.
270
What is the highest common factor of 38 and 2?
2
What is the highest common factor of 66 and 4818?
66
What is the greatest common factor of 22 and 3454?
22
What is the highest common factor of 45 and 160?
5
Calculate the highest common divisor of 155 and 20.
5
Calculate the highest common factor of 16 and 216.
8
What is the highest common factor of 17424 and 144?
144
What is the highest common factor of 77 and 539?
77
Calculate the highest common factor of 10 and 135.
5
What is the greatest common divisor of 2057 and 187?
187
Calculate the greatest common factor of 5 and 131.
1
Calculate the greatest common divisor of 39 and 273.
39
Calculate the greatest common divisor of 2183 and 37.
37
Calculate the greatest common factor of 620 and 80.
20
Calculate the greatest common factor of 996 and 12.
12
What is the highest common divisor of 157 and 4239?
157
What is the greatest common factor of 3349 and 1379?
197
Calculate the highest common factor of 16 and 48.
16
Calculate the highest common factor of 654 and 4033.
109
Calculate the highest common factor of 78 and 117.
39
Calculate the greatest common divisor of 1500 and 13125.
375
Calculate the highest common factor of 468 and 36.
36
What is the highest common factor of 20 and 93920?
20
Calculate the greatest common divisor of 25 and 3200.
25
What is the greatest common factor of 48 and 612?
12
Calculate the greatest common factor of 49 and 63.
7
What is the highest common factor of 1872 and 585?
117
Calculate the greatest common factor of 702 and 182.
26
What is the highest common factor of 41261 and 31?
31
Calculate the highest common factor of 765 and 170.
85
What is the greatest common factor of 8879 and 169?
13
Calculate the greatest common factor of 38 and 703.
19
What is the greatest common divisor of 262 and 63666?
262
What is the highest common factor of 1537 and 53?
53
Calculate the highest common factor of 31 and 1457.
31
What is the greatest common factor of 434 and 372?
62
Calculate the greatest common factor of 180 and 380.
20
What is the highest common factor of 60 and 15?
15
Calculate the greatest common divisor of 451 and 11.
11
What is the highest common factor of 230 and 184?
46
Calculate the greatest common factor of 84 and 336.
84
What is the highest common factor of 16 and 1552?
16
What is the highest common factor of 18 and 762?
6
What is the highest common divisor of 64 and 896?
64
Calculate the greatest common divisor of 1156 and 476.
68
Calculate the highest common factor of 84 and 4980.
12
What is the greatest common factor of 702 and 9?
9
What is the highest common factor of 2365 and 11?
11
Calculate the greatest common factor of 184 and 8.
8
What is the greatest common factor of 93 and 124?
31
What is the greatest common divisor of 6308 and 76?
76
What is the greatest common divisor of 62 and 465?
31
What is the greatest common factor of 21461 and 44?
11
What is the highest common divisor of 7584 and 384?
96
What is the greatest common divisor of 126 and 7812?
126
Calculate the greatest common divisor of 125 and 16375.
125
What is the greatest common factor of 20278 and 2?
2
What is the highest common factor of 8277 and 930?
93
Calculate the greatest common factor of 32 and 896.
32
What is the highest common factor of 147 and 1225?
49
Calculate the highest common factor of 1710 and 30.
30
What is the greatest common factor of 16856 and 784?
392
What is the highest common factor of 4346 and 106?
106
What is the highest common divisor of 23100 and 440?
220
What is the greatest common factor of 2 and 818?
2
What is the highest common factor of 50 and 5?
5
What is the highest common factor of 185 and 1147?
37
Calculate the highest common factor of 28992 and 8.
8
What is the greatest common divisor of 2107 and 98?
49
What is the highest common divisor of 96 and 1290?
6
What is the greatest common divisor of 70 and 406?
14
What is the greatest common divisor of 80 and 12?
4
Calculate the greatest common divisor of 989 and 46.
23
What is the highest common factor of 4489 and 201?
67
Calculate the highest common divisor of 8372 and 156.
52
Calculate the highest common divisor of 15 and 80.
5
Calculate the highest common divisor of 82 and 2.
2
What is the greatest common factor of 9 and 18?
9
Calculate the highest common factor of 13978 and 58.
58
What is the greatest common divisor of 13 and 2119?
13
What is the highest common factor of 18 and 294?
6
Calculate the greatest common factor of 795 and 75.
15
Calculate the highest common divisor of 7954 and 388.
194
Calculate the greatest common divisor of 45 and 5.
5
What is the highest common divisor of 1593 and 189?
27
What is the greatest common divisor of 84 and 462?
42
What is the highest common factor of 250 and 3125?
125
Calculate the highest common divisor of 72 and 104.
8
Calculate th